{"id":64,"date":"2024-03-12T17:30:45","date_gmt":"2024-03-12T16:30:45","guid":{"rendered":"http:\/\/alexandredeschaumes.com\/wordpress\/wp-content\/uploads\/3548-3577-chamonix-les-drus-givre-mont-blanc-hiver-bleu-blanc.jpg"},"modified":"2025-02-03T12:24:28","modified_gmt":"2025-02-03T11:24:28","slug":"3548-3577-chamonix-les-drus-givre-mont-blanc-hiver-bleu-blanc","status":"inherit","type":"attachment","link":"https:\/\/alexandredeschaumes.com\/en\/3548-3577-chamonix-les-drus-givre-mont-blanc-hiver-bleu-blanc\/","title":{"rendered":"La Tour de Glace"},"author":4,"featured_media":0,"comment_status":"open","ping_status":"closed","template":"","meta":{"_acf_changed":false},"class_list":["post-64","attachment","type-attachment","status-inherit","hentry","media_category-lieu-alpes","media_category-ambiance-couleur","media_category-ambiance-froid","media_category-ambiance-clair","media_category-format-horizontal","media_category-format-hd","media_category-theme-montagne"],"acf":[],"yoast_head":"<!-- This site is optimized with the Yoast SEO plugin v27.1.1 - https:\/\/yoast.com\/product\/yoast-seo-wordpress\/ -->\n<title>La Tour de Glace &#8226; Alexandre Deschaumes<\/title>\n<meta name=\"robots\" content=\"index, follow, max-snippet:-1, max-image-preview:large, max-video-preview:-1\" \/>\n<link rel=\"canonical\" href=\"https:\/\/alexandredeschaumes.com\/en\/3548-3577-chamonix-les-drus-givre-mont-blanc-hiver-bleu-blanc\/\" \/>\n<meta property=\"og:locale\" content=\"en_US\" \/>\n<meta property=\"og:type\" content=\"article\" \/>\n<meta property=\"og:title\" content=\"La Tour de Glace &#8226; Alexandre Deschaumes\" \/>\n<meta property=\"og:description\" content=\"La majest\u00e9 des Drus Signal Forbes - Chamonix - France\" \/>\n<meta property=\"og:url\" content=\"https:\/\/alexandredeschaumes.com\/en\/3548-3577-chamonix-les-drus-givre-mont-blanc-hiver-bleu-blanc\/\" \/>\n<meta property=\"og:site_name\" content=\"Alexandre Deschaumes\" \/>\n<meta property=\"article:modified_time\" content=\"2025-02-03T11:24:28+00:00\" \/>\n<meta property=\"og:image\" content=\"https:\/\/alexandredeschaumes.com\/wordpress\/wp-content\/uploads\/3548-3577-chamonix-les-drus-givre-mont-blanc-hiver-bleu-blanc.jpg\" \/>\n\t<meta property=\"og:image:width\" content=\"2500\" \/>\n\t<meta property=\"og:image:height\" content=\"1667\" \/>\n\t<meta property=\"og:image:type\" content=\"image\/jpeg\" \/>\n<meta name=\"twitter:card\" content=\"summary_large_image\" \/>\n<script type=\"application\/ld+json\" class=\"yoast-schema-graph\">{\"@context\":\"https:\/\/schema.org\",\"@graph\":[{\"@type\":[\"WebPage\",\"ItemPage\"],\"@id\":\"https:\/\/alexandredeschaumes.com\/en\/3548-3577-chamonix-les-drus-givre-mont-blanc-hiver-bleu-blanc\/\",\"url\":\"https:\/\/alexandredeschaumes.com\/en\/3548-3577-chamonix-les-drus-givre-mont-blanc-hiver-bleu-blanc\/\",\"name\":\"La Tour de Glace &#8226; Alexandre Deschaumes\",\"isPartOf\":{\"@id\":\"https:\/\/www.alexandredeschaumes.com\/en\/#website\"},\"datePublished\":\"2024-03-12T16:30:45+00:00\",\"dateModified\":\"2025-02-03T11:24:28+00:00\",\"breadcrumb\":{\"@id\":\"https:\/\/alexandredeschaumes.com\/en\/3548-3577-chamonix-les-drus-givre-mont-blanc-hiver-bleu-blanc\/#breadcrumb\"},\"inLanguage\":\"en-US\",\"potentialAction\":[{\"@type\":\"ReadAction\",\"target\":[\"https:\/\/alexandredeschaumes.com\/en\/3548-3577-chamonix-les-drus-givre-mont-blanc-hiver-bleu-blanc\/\"]}]},{\"@type\":\"BreadcrumbList\",\"@id\":\"https:\/\/alexandredeschaumes.com\/en\/3548-3577-chamonix-les-drus-givre-mont-blanc-hiver-bleu-blanc\/#breadcrumb\",\"itemListElement\":[{\"@type\":\"ListItem\",\"position\":1,\"name\":\"Accueil\",\"item\":\"https:\/\/www.alexandredeschaumes.com\/en\/\"},{\"@type\":\"ListItem\",\"position\":2,\"name\":\"La Tour de Glace\"}]},{\"@type\":\"WebSite\",\"@id\":\"https:\/\/www.alexandredeschaumes.com\/en\/#website\",\"url\":\"https:\/\/www.alexandredeschaumes.com\/en\/\",\"name\":\"Alexandre Deschaumes\",\"description\":\"Voyage \u00c9th\u00e9r\u00e9\",\"publisher\":{\"@id\":\"https:\/\/www.alexandredeschaumes.com\/en\/#\/schema\/person\/3f2eb1dca0b06296625cf6271563acac\"},\"potentialAction\":[{\"@type\":\"SearchAction\",\"target\":{\"@type\":\"EntryPoint\",\"urlTemplate\":\"https:\/\/www.alexandredeschaumes.com\/en\/?s={search_term_string}\"},\"query-input\":{\"@type\":\"PropertyValueSpecification\",\"valueRequired\":true,\"valueName\":\"search_term_string\"}}],\"inLanguage\":\"en-US\"},{\"@type\":[\"Person\",\"Organization\"],\"@id\":\"https:\/\/www.alexandredeschaumes.com\/en\/#\/schema\/person\/3f2eb1dca0b06296625cf6271563acac\",\"name\":\"Alexandre Deschaumes\",\"image\":{\"@type\":\"ImageObject\",\"inLanguage\":\"en-US\",\"@id\":\"https:\/\/www.alexandredeschaumes.com\/en\/#\/schema\/person\/image\/\",\"url\":\"https:\/\/alexandredeschaumes.com\/wordpress\/wp-content\/uploads\/Avatar-AlexandreDeschaumes-Brown.jpg\",\"contentUrl\":\"https:\/\/alexandredeschaumes.com\/wordpress\/wp-content\/uploads\/Avatar-AlexandreDeschaumes-Brown.jpg\",\"width\":1200,\"height\":1200,\"caption\":\"Alexandre Deschaumes\"},\"logo\":{\"@id\":\"https:\/\/www.alexandredeschaumes.com\/en\/#\/schema\/person\/image\/\"}}]}<\/script>\n<!-- \/ Yoast SEO plugin. -->","yoast_head_json":{"title":"La Tour de Glace &#8226; Alexandre Deschaumes","robots":{"index":"index","follow":"follow","max-snippet":"max-snippet:-1","max-image-preview":"max-image-preview:large","max-video-preview":"max-video-preview:-1"},"canonical":"https:\/\/alexandredeschaumes.com\/en\/3548-3577-chamonix-les-drus-givre-mont-blanc-hiver-bleu-blanc\/","og_locale":"en_US","og_type":"article","og_title":"La Tour de Glace &#8226; Alexandre Deschaumes","og_description":"La majest\u00e9 des Drus Signal Forbes - Chamonix - France","og_url":"https:\/\/alexandredeschaumes.com\/en\/3548-3577-chamonix-les-drus-givre-mont-blanc-hiver-bleu-blanc\/","og_site_name":"Alexandre Deschaumes","article_modified_time":"2025-02-03T11:24:28+00:00","og_image":[{"width":2500,"height":1667,"url":"https:\/\/alexandredeschaumes.com\/wordpress\/wp-content\/uploads\/3548-3577-chamonix-les-drus-givre-mont-blanc-hiver-bleu-blanc.jpg","type":"image\/jpeg"}],"twitter_card":"summary_large_image","schema":{"@context":"https:\/\/schema.org","@graph":[{"@type":["WebPage","ItemPage"],"@id":"https:\/\/alexandredeschaumes.com\/en\/3548-3577-chamonix-les-drus-givre-mont-blanc-hiver-bleu-blanc\/","url":"https:\/\/alexandredeschaumes.com\/en\/3548-3577-chamonix-les-drus-givre-mont-blanc-hiver-bleu-blanc\/","name":"La Tour de Glace &#8226; Alexandre Deschaumes","isPartOf":{"@id":"https:\/\/www.alexandredeschaumes.com\/en\/#website"},"datePublished":"2024-03-12T16:30:45+00:00","dateModified":"2025-02-03T11:24:28+00:00","breadcrumb":{"@id":"https:\/\/alexandredeschaumes.com\/en\/3548-3577-chamonix-les-drus-givre-mont-blanc-hiver-bleu-blanc\/#breadcrumb"},"inLanguage":"en-US","potentialAction":[{"@type":"ReadAction","target":["https:\/\/alexandredeschaumes.com\/en\/3548-3577-chamonix-les-drus-givre-mont-blanc-hiver-bleu-blanc\/"]}]},{"@type":"BreadcrumbList","@id":"https:\/\/alexandredeschaumes.com\/en\/3548-3577-chamonix-les-drus-givre-mont-blanc-hiver-bleu-blanc\/#breadcrumb","itemListElement":[{"@type":"ListItem","position":1,"name":"Accueil","item":"https:\/\/www.alexandredeschaumes.com\/en\/"},{"@type":"ListItem","position":2,"name":"La Tour de Glace"}]},{"@type":"WebSite","@id":"https:\/\/www.alexandredeschaumes.com\/en\/#website","url":"https:\/\/www.alexandredeschaumes.com\/en\/","name":"Alexandre Deschaumes","description":"Voyage \u00c9th\u00e9r\u00e9","publisher":{"@id":"https:\/\/www.alexandredeschaumes.com\/en\/#\/schema\/person\/3f2eb1dca0b06296625cf6271563acac"},"potentialAction":[{"@type":"SearchAction","target":{"@type":"EntryPoint","urlTemplate":"https:\/\/www.alexandredeschaumes.com\/en\/?s={search_term_string}"},"query-input":{"@type":"PropertyValueSpecification","valueRequired":true,"valueName":"search_term_string"}}],"inLanguage":"en-US"},{"@type":["Person","Organization"],"@id":"https:\/\/www.alexandredeschaumes.com\/en\/#\/schema\/person\/3f2eb1dca0b06296625cf6271563acac","name":"Alexandre Deschaumes","image":{"@type":"ImageObject","inLanguage":"en-US","@id":"https:\/\/www.alexandredeschaumes.com\/en\/#\/schema\/person\/image\/","url":"https:\/\/alexandredeschaumes.com\/wordpress\/wp-content\/uploads\/Avatar-AlexandreDeschaumes-Brown.jpg","contentUrl":"https:\/\/alexandredeschaumes.com\/wordpress\/wp-content\/uploads\/Avatar-AlexandreDeschaumes-Brown.jpg","width":1200,"height":1200,"caption":"Alexandre Deschaumes"},"logo":{"@id":"https:\/\/www.alexandredeschaumes.com\/en\/#\/schema\/person\/image\/"}}]}},"description":{"rendered":"<p class=\"attachment\"><a href='https:\/\/alexandredeschaumes.com\/wordpress\/wp-content\/uploads\/3548-3577-chamonix-les-drus-givre-mont-blanc-hiver-bleu-blanc.jpg'><img loading=\"lazy\" decoding=\"async\" width=\"640\" height=\"427\" src=\"https:\/\/alexandredeschaumes.com\/wordpress\/wp-content\/uploads\/3548-3577-chamonix-les-drus-givre-mont-blanc-hiver-bleu-blanc-640x427.jpg\" class=\"attachment-medium size-medium\" alt=\"chamonix mont blanc montenvers bleu blanc drus givree hiver assemblage\" srcset=\"https:\/\/alexandredeschaumes.com\/wordpress\/wp-content\/uploads\/3548-3577-chamonix-les-drus-givre-mont-blanc-hiver-bleu-blanc-640x427.jpg 640w, https:\/\/alexandredeschaumes.com\/wordpress\/wp-content\/uploads\/3548-3577-chamonix-les-drus-givre-mont-blanc-hiver-bleu-blanc-1024x683.jpg 1024w, https:\/\/alexandredeschaumes.com\/wordpress\/wp-content\/uploads\/3548-3577-chamonix-les-drus-givre-mont-blanc-hiver-bleu-blanc-320x213.jpg 320w, https:\/\/alexandredeschaumes.com\/wordpress\/wp-content\/uploads\/3548-3577-chamonix-les-drus-givre-mont-blanc-hiver-bleu-blanc-768x512.jpg 768w\" sizes=\"auto, (max-width: 640px) 100vw, 640px\" \/><\/a><\/p>\n"},"caption":{"rendered":"<p>La majest\u00e9 des Drus<br \/>\nSignal Forbes - Chamonix - France<\/p>\n"},"alt_text":"chamonix mont blanc montenvers bleu blanc drus givree hiver assemblage","media_type":"image","mime_type":"image\/jpeg","media_details":{"width":2500,"height":1667,"file":"3548-3577-chamonix-les-drus-givre-mont-blanc-hiver-bleu-blanc.jpg","filesize":583966,"sizes":{"medium":{"file":"3548-3577-chamonix-les-drus-givre-mont-blanc-hiver-bleu-blanc-640x427.jpg","width":640,"height":427,"filesize":77128,"mime_type":"image\/jpeg","source_url":"https:\/\/alexandredeschaumes.com\/wordpress\/wp-content\/uploads\/3548-3577-chamonix-les-drus-givre-mont-blanc-hiver-bleu-blanc-640x427.jpg"},"large":{"file":"3548-3577-chamonix-les-drus-givre-mont-blanc-hiver-bleu-blanc-1024x683.jpg","width":1024,"height":683,"filesize":144275,"mime_type":"image\/jpeg","source_url":"https:\/\/alexandredeschaumes.com\/wordpress\/wp-content\/uploads\/3548-3577-chamonix-les-drus-givre-mont-blanc-hiver-bleu-blanc-1024x683.jpg"},"thumbnail":{"file":"3548-3577-chamonix-les-drus-givre-mont-blanc-hiver-bleu-blanc-320x213.jpg","width":320,"height":213,"filesize":42443,"mime_type":"image\/jpeg","source_url":"https:\/\/alexandredeschaumes.com\/wordpress\/wp-content\/uploads\/3548-3577-chamonix-les-drus-givre-mont-blanc-hiver-bleu-blanc-320x213.jpg"},"medium_large":{"file":"3548-3577-chamonix-les-drus-givre-mont-blanc-hiver-bleu-blanc-768x512.jpg","width":768,"height":512,"filesize":95844,"mime_type":"image\/jpeg","source_url":"https:\/\/alexandredeschaumes.com\/wordpress\/wp-content\/uploads\/3548-3577-chamonix-les-drus-givre-mont-blanc-hiver-bleu-blanc-768x512.jpg"},"full":{"file":"3548-3577-chamonix-les-drus-givre-mont-blanc-hiver-bleu-blanc.jpg","width":2500,"height":1667,"mime_type":"image\/jpeg","source_url":"https:\/\/alexandredeschaumes.com\/wordpress\/wp-content\/uploads\/3548-3577-chamonix-les-drus-givre-mont-blanc-hiver-bleu-blanc.jpg"}},"image_meta":{"aperture":"5","credit":"Alexandre Deschaumes","camera":"Canon EOS 5DS R","caption":"","created_timestamp":"1543931790","copyright":"DESCHAUMES","focal_length":"135","iso":"100","shutter_speed":"0.0015625","title":"","orientation":"0","keywords":["massif mont-blanc","assemblage","Alpes"]}},"post":null,"source_url":"https:\/\/alexandredeschaumes.com\/wordpress\/wp-content\/uploads\/3548-3577-chamonix-les-drus-givre-mont-blanc-hiver-bleu-blanc.jpg","_links":{"self":[{"href":"https:\/\/alexandredeschaumes.com\/en\/wp-json\/wp\/v2\/media\/64","targetHints":{"allow":["GET"]}}],"collection":[{"href":"https:\/\/alexandredeschaumes.com\/en\/wp-json\/wp\/v2\/media"}],"about":[{"href":"https:\/\/alexandredeschaumes.com\/en\/wp-json\/wp\/v2\/types\/attachment"}],"author":[{"embeddable":true,"href":"https:\/\/alexandredeschaumes.com\/en\/wp-json\/wp\/v2\/users\/4"}],"replies":[{"embeddable":true,"href":"https:\/\/alexandredeschaumes.com\/en\/wp-json\/wp\/v2\/comments?post=64"}]}}

<!-- This site is optimized with the Yoast SEO plugin v27.1.1 - https://yoast.com/product/yoast-seo-wordpress/ -->
<title>La Tour de Glace &#8226; Alexandre Deschaumes</title>
<meta name="robots" content="index, follow, max-snippet:-1, max-image-preview:large, max-video-preview:-1" />
<link rel="canonical" href="https://alexandredeschaumes.com/en/3548-3577-chamonix-les-drus-givre-mont-blanc-hiver-bleu-blanc/" />
<meta property="og:locale" content="en_US" />
<meta property="og:type" content="article" />
<meta property="og:title" content="La Tour de Glace &#8226; Alexandre Deschaumes" />
<meta property="og:description" content="La majesté des Drus Signal Forbes - Chamonix - France" />
<meta property="og:url" content="https://alexandredeschaumes.com/en/3548-3577-chamonix-les-drus-givre-mont-blanc-hiver-bleu-blanc/" />
<meta property="og:site_name" content="Alexandre Deschaumes" />
<meta property="article:modified_time" content="2025-02-03T11:24:28+00:00" />
<meta property="og:image" content="https://alexandredeschaumes.com/wordpress/wp-content/uploads/3548-3577-chamonix-les-drus-givre-mont-blanc-hiver-bleu-blanc.jpg" />
	<meta property="og:image:width" content="2500" />
	<meta property="og:image:height" content="1667" />
	<meta property="og:image:type" content="image/jpeg" />
<meta name="twitter:card" content="summary_large_image" />
<script type="application/ld+json" class="yoast-schema-graph">{"@context":"https://schema.org","@graph":[{"@type":["WebPage","ItemPage"],"@id":"https://alexandredeschaumes.com/en/3548-3577-chamonix-les-drus-givre-mont-blanc-hiver-bleu-blanc/","url":"https://alexandredeschaumes.com/en/3548-3577-chamonix-les-drus-givre-mont-blanc-hiver-bleu-blanc/","name":"La Tour de Glace &#8226; Alexandre Deschaumes","isPartOf":{"@id":"https://www.alexandredeschaumes.com/en/#website"},"datePublished":"2024-03-12T16:30:45+00:00","dateModified":"2025-02-03T11:24:28+00:00","breadcrumb":{"@id":"https://alexandredeschaumes.com/en/3548-3577-chamonix-les-drus-givre-mont-blanc-hiver-bleu-blanc/#breadcrumb"},"inLanguage":"en-US","potentialAction":[{"@type":"ReadAction","target":["https://alexandredeschaumes.com/en/3548-3577-chamonix-les-drus-givre-mont-blanc-hiver-bleu-blanc/"]}]},{"@type":"BreadcrumbList","@id":"https://alexandredeschaumes.com/en/3548-3577-chamonix-les-drus-givre-mont-blanc-hiver-bleu-blanc/#breadcrumb","itemListElement":[{"@type":"ListItem","position":1,"name":"Accueil","item":"https://www.alexandredeschaumes.com/en/"},{"@type":"ListItem","position":2,"name":"La Tour de Glace"}]},{"@type":"WebSite","@id":"https://www.alexandredeschaumes.com/en/#website","url":"https://www.alexandredeschaumes.com/en/","name":"Alexandre Deschaumes","description":"Voyage Éthéré","publisher":{"@id":"https://www.alexandredeschaumes.com/en/#/schema/person/3f2eb1dca0b06296625cf6271563acac"},"potentialAction":[{"@type":"SearchAction","target":{"@type":"EntryPoint","urlTemplate":"https://www.alexandredeschaumes.com/en/?s={search_term_string}"},"query-input":{"@type":"PropertyValueSpecification","valueRequired":true,"valueName":"search_term_string"}}],"inLanguage":"en-US"},{"@type":["Person","Organization"],"@id":"https://www.alexandredeschaumes.com/en/#/schema/person/3f2eb1dca0b06296625cf6271563acac","name":"Alexandre Deschaumes","image":{"@type":"ImageObject","inLanguage":"en-US","@id":"https://www.alexandredeschaumes.com/en/#/schema/person/image/","url":"https://alexandredeschaumes.com/wordpress/wp-content/uploads/Avatar-AlexandreDeschaumes-Brown.jpg","contentUrl":"https://alexandredeschaumes.com/wordpress/wp-content/uploads/Avatar-AlexandreDeschaumes-Brown.jpg","width":1200,"height":1200,"caption":"Alexandre Deschaumes"},"logo":{"@id":"https://www.alexandredeschaumes.com/en/#/schema/person/image/"}}]}</script>
<!-- / Yoast SEO plugin. -->

La majesté des Drus Signal Forbes - Chamonix - France

Voyage Éthéré

<p>La majesté des Drus<br />
Signal Forbes - Chamonix - France</p>
